{"id":51,"date":"2026-01-23T08:20:19","date_gmt":"2026-01-23T08:20:19","guid":{"rendered":"http:\/\/wp.pathfinder-project.de\/?page_id=51"},"modified":"2026-01-23T08:20:19","modified_gmt":"2026-01-23T08:20:19","slug":"aera-arven","status":"publish","type":"page","link":"http:\/\/wp.pathfinder-project.de\/?page_id=51","title":{"rendered":"\u00c4ra Arven"},"content":{"rendered":"\n<p>Die Anf\u00e4nge der Katana<\/p>\n\n\n\n<p>Die \u00c4ra Arven markiert den Beginn der Katana\u2011Chronik. Unter der F\u00fchrung von Captain Arven formte sich die erste Crew, die ersten Missionen wurden geflogen, und die Grundlinien der sp\u00e4teren Konflikte entstanden. Viele der sp\u00e4teren Entwicklungen \u2013 sowohl erz\u00e4hlerisch als auch strukturell \u2013 haben hier ihren Ursprung.<\/p>\n\n\n\n<p>Diese \u00c4ra umfasst die fr\u00fchen Missionen, die ersten Begegnungen mit externen Bedrohungen und die Phase, in der die Katana ihren Platz im Multiversum erst finden musste.<\/p>\n\n\n\n<h2 class=\"wp-block-heading\"><strong>Staffeln dieser \u00c4ra<\/strong><\/h2>\n\n\n\n<h3 class=\"wp-block-heading\"><strong>Staffel 1<\/strong><\/h3>\n\n\n\n<p>Die erste Staffel der Katana\u2011Chronik. Hier beginnt alles: die Crew, die Dynamiken, die ersten Konflikte und die Grundstimmung des gesamten Projekts.<\/p>\n\n\n\n<h2 class=\"wp-block-heading\"><strong>Wichtige Figuren dieser \u00c4ra<\/strong><\/h2>\n\n\n\n<ul class=\"wp-block-list\">\n<li>Captain Arven<\/li>\n<\/ul>\n\n\n\n<h2 class=\"wp-block-heading\"><strong>Zentrale Themen<\/strong><\/h2>\n\n\n\n<ul class=\"wp-block-list\">\n<li>Aufbau der Crew<\/li>\n\n\n\n<li>Erste Missionen<\/li>\n\n\n\n<li>Grundkonflikte, die sp\u00e4tere Staffeln pr\u00e4gen<\/li>\n\n\n\n<li>Einf\u00fchrung der multiversalen Erz\u00e4hlweise<\/li>\n<\/ul>\n","protected":false},"excerpt":{"rendered":"<p>Die Anf\u00e4nge der Katana Die \u00c4ra Arven markiert den Beginn der Katana\u2011Chronik. Unter der F\u00fchrung von Captain Arven formte sich die erste Crew, die ersten Missionen wurden geflogen, und die Grundlinien der sp\u00e4teren Konflikte entstanden. Viele der sp\u00e4teren Entwicklungen \u2013 sowohl erz\u00e4hlerisch als auch strukturell \u2013 haben hier ihren Ursprung. Diese \u00c4ra umfasst die fr\u00fchen [&hellip;]<\/p>\n","protected":false},"author":1,"featured_media":0,"parent":47,"menu_order":0,"comment_status":"closed","ping_status":"closed","template":"","meta":{"footnotes":""},"class_list":["post-51","page","type-page","status-publish","hentry"],"_links":{"self":[{"href":"http:\/\/wp.pathfinder-project.de\/index.php?rest_route=\/wp\/v2\/pages\/51","targetHints":{"allow":["GET"]}}],"collection":[{"href":"http:\/\/wp.pathfinder-project.de\/index.php?rest_route=\/wp\/v2\/pages"}],"about":[{"href":"http:\/\/wp.pathfinder-project.de\/index.php?rest_route=\/wp\/v2\/types\/page"}],"author":[{"embeddable":true,"href":"http:\/\/wp.pathfinder-project.de\/index.php?rest_route=\/wp\/v2\/users\/1"}],"replies":[{"embeddable":true,"href":"http:\/\/wp.pathfinder-project.de\/index.php?rest_route=%2Fwp%2Fv2%2Fcomments&post=51"}],"version-history":[{"count":1,"href":"http:\/\/wp.pathfinder-project.de\/index.php?rest_route=\/wp\/v2\/pages\/51\/revisions"}],"predecessor-version":[{"id":52,"href":"http:\/\/wp.pathfinder-project.de\/index.php?rest_route=\/wp\/v2\/pages\/51\/revisions\/52"}],"up":[{"embeddable":true,"href":"http:\/\/wp.pathfinder-project.de\/index.php?rest_route=\/wp\/v2\/pages\/47"}],"wp:attachment":[{"href":"http:\/\/wp.pathfinder-project.de\/index.php?rest_route=%2Fwp%2Fv2%2Fmedia&parent=51"}],"curies":[{"name":"wp","href":"https:\/\/api.w.org\/{rel}","templated":true}]}}

Ära Arven

<p>Die Anfänge der Katana</p>



<p>Die Ära Arven markiert den Beginn der Katana‑Chronik. Unter der Führung von Captain Arven formte sich die erste Crew, die ersten Missionen wurden geflogen, und die Grundlinien der späteren Konflikte entstanden. Viele der späteren Entwicklungen – sowohl erzählerisch als auch strukturell – haben hier ihren Ursprung.</p>



<p>Diese Ära umfasst die frühen Missionen, die ersten Begegnungen mit externen Bedrohungen und die Phase, in der die Katana ihren Platz im Multiversum erst finden musste.</p>



<h2 class="wp-block-heading"><strong>Staffeln dieser Ära</strong></h2>



<h3 class="wp-block-heading"><strong>Staffel 1</strong></h3>



<p>Die erste Staffel der Katana‑Chronik. Hier beginnt alles: die Crew, die Dynamiken, die ersten Konflikte und die Grundstimmung des gesamten Projekts.</p>



<h2 class="wp-block-heading"><strong>Wichtige Figuren dieser Ära</strong></h2>



<ul class="wp-block-list">
<li>Captain Arven</li>
</ul>



<h2 class="wp-block-heading"><strong>Zentrale Themen</strong></h2>



<ul class="wp-block-list">
<li>Aufbau der Crew</li>



<li>Erste Missionen</li>



<li>Grundkonflikte, die spätere Staffeln prägen</li>



<li>Einführung der multiversalen Erzählweise</li>
</ul>

<p>Die Anfänge der Katana Die Ära Arven markiert den Beginn der Katana‑Chronik. Unter der Führung von Captain Arven formte sich die erste Crew, die ersten Missionen wurden geflogen, und die Grundlinien der späteren Konflikte entstanden. Viele der späteren Entwicklungen – sowohl erzählerisch als auch strukturell – haben hier ihren Ursprung. Diese Ära umfasst die frühen [&hellip;]</p>
